, 5, 29
Suppose -20*v + 69269 = -75151. What are the prime factors of v?
3, 29, 83
Let r = -56 + 54. Let q be (-2 + 1)/(r - (-130)/66). Let i = 64 - q. List the prime factors of i.
31
Let d(b) = 795*b**2 - 61*b - 6. List the prime factors of d(3).
2, 3, 43
Suppose 29*k + 21150 = 101741. Let w = k + -1503. List the prime factors of w.
2, 11, 29
Let k(o) = -31*o - 1. Let r be ((-26)/(-39))/(4/(-18)). Let f be r - (-3)/(0 + (-4 - -3)). List the prime factors of k(f).
5, 37
Suppose 34*b - 413050 = -16*b. What are the prime factors of b?
11, 751
Let b(y) = 166*y**2 - 72*y - 125. List the prime factors of b(13).
26993
Let u(q) = q + 30. Let m be u(-30). Suppose m = t - 5*h - 388 - 87, -477 = -t + 3*h. What are the prime factors of t?
2, 3, 5
What are the prime factors of (4 - (4 + -3 + -30359)) + -59 + 61?
2, 7591
Let o(b) = b + 56. Let v be o(-35). Suppose 25*c - v*c = 1436. List the prime factors of c.
359
Suppose -49*c = 2*c - 3*c - 448128. List the prime factors of c.
2, 3, 389
Suppose 159*c + 268*c - 37*c = 13368810. List the prime factors of c.
7, 59, 83
Let i = -607 + 5510. What are the prime factors of i?
4903
Suppose 2*p = -x - 0*x, -2*p + 16 = -3*x. Suppose 0 = 5*y - 2*d + 54, d = p*y + 11 + 10. What are the prime factors of (-388)/(-3) - 8/y?
2, 5, 13
Suppose 3*x + 9*x - 132 = 0. Suppose 691 = -10*p + x*p + 5*r, 2*p - 1382 = 5*r. List the prime factors of p.
691
Let y(k) = 5046*k**2 - 90*k - 249. List the prime factors of y(-3).
3, 5, 13, 233
Let k(g) = -6*g**2 - 2*g - 166. Let x be k(-20). Let c = 3641 + x. List the prime factors of c.
5, 223
Let i be (2/(-2))/((3/3)/43). Let v = -46 - i. What are the prime factors of (1 + 2 - 123/v) + 3?
47
List the prime factors of ((-3551)/2)/((-208)/416).
53, 67
Suppose m + 825 = z, -1614 - 2481 = -5*z - 5*m. Let a = z + -124. List the prime factors of a.
2, 349
Let y = 9719 + 5387. Suppose 23*f - 52481 = -y. What are the prime factors of f?
5, 13
Let i = 63 + -68. Let m(a) = -7*a - 1. Let d be m(i). Let u = 65 - d. What are the prime factors of u?
31
Let o be -7*6/(-231) - 3128/22. Let z = 880 - o. List the prime factors of z.
2, 7, 73
List the prime factors of 0 + (-26368)/(-8) + -12.
2, 821
Let t be (-3 + 9)/((-14)/10 + 1). Let u be ((-27)/t)/(-3) - (-2)/(-5). List the prime factors of ((-1014)/(-6))/(u + 2).
13
Let h be (((-1600)/(-12))/10)/((-1)/6). What are the prime factors of (8/(h/(-11145)))/(6/4)?
743
Suppose 0 = -0*c - 5*c + 175. Let y = -77 + c. Let i = -9 - y. List the prime factors of i.
3, 11
Let g(b) = -3*b + 33. Let a be g(11). Suppose 5*p = 2*n + 3*n + 20, 3*p - 2*n - 8 = a. Suppose 10*u - 514 - 1386 = p. What are the prime factors of u?
2, 5, 19
Let v = -496 - -245. Let j = 6 - v. List the prime factors of j.
257
Let l be (2/(-6))/((-19)/(-228)) + 107. Let m = 674 - l. What are the prime factors of m?
571
Suppose -576933 = -13*p + 172218. List the prime factors of p.
3, 19, 337
Suppose 24*u - 20*u = 3136. Suppose 5*f = -5*o + 1290, 3*f = 2*o - 0*o + u. Let w = -183 + f. List the prime factors of w.
7, 11
List the prime factors of 1*((-512716)/69)/(10/(-15)).
2, 5573
Suppose 52*v = 54*v + 84. What are the prime factors of 2/14 + (-51570)/v?
2, 307
Suppose 2*p + 3*p + 403436 = 27*p. List the prime factors of p.
2, 53, 173
Suppose 0 = 4*v - 5*y - 782, 8*v - 6*v - y = 394. Let o = 37 + v. List the prime factors of o.
5, 47
Let u be -187 - 7/((-35)/(-15)). Let m = 396 + u. List the prime factors of m.
2, 103
Let w be 2 + (-7 - -230 - (2 + -1)). Suppose 9*y - w = 7*y - 3*q, 3*q = -6. What are the prime factors of y?
5, 23
Suppose 26*z = 20*z + 234. Suppose z*s - 22518 = 6459. What are the prime factors of s?
743
List the prime factors of (87/(-27) - -3 - 7821/891) + 1641.
2, 3, 17
Suppose z - 18 = -8*z. Suppose -14*p - z*p = -7552. Suppose 5*f + p = 1422. What are the prime factors of f?
2, 5, 19
Suppose -10*d + 2091 = 7*d. Suppose 3*i - 3040 = -4*t, -3*i - d + 3193 = -2*t. What are the prime factors of i?
2, 3, 5, 17
Let j be (3/(-3) + -31)*-3. Let y(z) = z**2 - 5*z - 9. Let k be y(8). Suppose -j = -19*d + k*d. List the prime factors of d.
2, 3
Let i = 79661 + 9367. List the prime factors of i.
2, 3, 2473
Let c(f) = 27*f + 91. Let i be c(0). Let s = i + 609. List the prime factors of s.
2, 5, 7
What are the prime factors of (24/(-15) - -1)/((-114)/(-76))*-15745?
2, 47, 67
List the prime factors of (5 - -24444) + (-4 - (-8 + 2)).
7, 499
Suppose 1470 = 132*v - 122*v. Let z = v + -81. What are the prime factors of z?
2, 3, 11
Let l be ((-28)/3)/((-11)/(-198)). Let p = 79 - l. List the prime factors of p.
13, 19
Suppose 5*d - 2773 = -0*q + 4*q, 3*q = -3*d + 1680. Let p = 949 - d. What are the prime factors of p?
2, 7
Suppose -26151 - 149881 = -16*x + 29760. What are the prime factors of x?
2, 59, 109
Suppose -30*a - 67056 = -46*a. List the prime factors of a.
3, 11, 127
Let l be 143 + 10*10/25. Suppose -5*i = -0*s - s - l, -5*s + 19 = i. Let x = -23 + i. What are the prime factors of x?
2, 3
Let w = -5 - -5. Suppose 3*z + 5*z - 968 = w. Let n = z + -86. What are the prime factors of n?
5, 7
Let s(t) = 2*t**3 + 74*t**2 - 10*t + 12. Let m be s(-35). Suppose w + 3*w - m = 2*r, -5*w = 2*r - 6600. List the prime factors of w.
2, 659
Let w(g) = 7*g**2 + 5*g - 25. Let t be w(3). Suppose 6 = 3*j, 262 = 5*z - 3*j + t. What are the prime factors of z?
43
Let w = 389 + -382. List the prime factors of -5 + w/((-21)/(-198)).
61
Suppose 751 = 8*x + 751. Suppose -12*y + x*y = -2676. What are the prime factors of y?
223
Let y(j) = -1298*j - 4736. List the prime factors of y(-10).
2, 3, 229
What are the prime factors of (-3)/(-9) - (-8 - (-48306)/(-18))?
2, 673
Let f(j) = -5*j**3 - 9*j**2 + 53*j - 233. What are the prime factors of f(-20)?
35107
Suppose 3*l = -3*g + 85941, 10 = 9*l - 4*l. What are the prime factors of g?
5, 17, 337
Suppose -50*x + 1528167 = -327883. List the prime factors of x.
7, 5303
Suppose 24*n = 22*n + 19808. What are the prime factors of (-66)/297 - n/(-18)?
2, 5, 11
Let z = -4106 + 39159. List the prime factors of z.
35053
Suppose -5*z + 18 = 2*g, -4*z - 1 = -9. Suppose 6 - 18 = -g*r. Suppose -p + 2*j = -228, r*p + 5*j - 456 = p. List the prime factors of p.
2, 3, 19
Suppose -4*s = 19*h - 20*h + 975, s + 2947 = 3*h. List the prime factors of h.
983
Suppose 10 = -3*m + 13. List the prime factors of (m*11)/(5/110).
2, 11
What are the prime factors of (152/(-133) - 82909/(-7)) + (-14)/2?
2, 11, 269
Let p be ((-2)/(-2))/(8/32). Suppose 6 = -s - p. List the prime factors of (2 + -5)*s/3 - 2.
2
Suppose -10*h + 589 = -371. Suppose 19*p + h = 4371. List the prime factors of p.
3, 5
Let l be (2 - 16 - 2)/(15/(-720)). Suppose 0 = -15*f + 9*f + l. List the prime factors of f.
2
Suppose -1 + 10 = -3*y, r - 2*y - 6168 = 0. What are the prime factors of r?
2, 3, 13, 79
Suppose 9*r + 25 = 4*l + 4*r, 5 = 5*l - r. Suppose l = 23*t - 14*t - 513. Let f = t + 82. List the prime factors of f.
139
Let a(z) = -4*z**3 - 138*z**2 + 33*z - 80. List the prime factors of a(-37).
13, 953
List the prime factors of -2 + (-154020)/(-5) + -5 + (10 - 17).
2, 5, 3079
Suppose 141*k - 3145715 - 1186933 = 0. List the prime factors of k.
2, 23, 167
Let h = -2445 + 5753. Let f = -1812 + h. What are the prime factors of f?
2, 11, 17
Suppose 43*r + 3*r = 46. Suppose -6 = -h + 1. Suppose 2*d = -4*x - d - r, -d - h = -2*x. What are the prime factors of x?
2
Suppose -5*y - 9 = -u + 31, 5*u - 120 = 5*y. Let m(r) = -r**2 + 23*r - 124. Let t be m(9). Suppose -o = -u - t. List the prime factors of o.
2, 11
Suppose 0 = 5*b - f - 4114, b + 2*f - 1287 + 462 = 0. Let z be 3/(-18)*-8*3. Suppose 0 = z*q - b + 39. What are the prime factors of q?
2, 7
Let w(r) = -r**2 - 7*r + 62. Let f be w(-12). Suppose f*c = 1443 + 399. List the prime factors of c.
3, 307
Let d be 6/((-36)/(-82))*3. Suppose 4 = -x - d. List the prime factors of (-6)/27 - 1315/x.
29
Suppose -5*t - 5*x + 58195 = 0, -2*t = 8*x - 7*x - 23274. What are the prime factors of t?
5, 13, 179
Let m(r) = 44 + 42 - 28 - 33*r - 62*r + 21. List the prime factors of m(-7).
2, 3, 31
Let c(l) = l**3 - 7*l**2 - 14*l + 13. Suppose 10*q - 19*q = -81. What are the prime factors of c(q)?
7
Let c(f) = -50*f. Let p(l) = l - 31. Let m be p(25). What are the prime factors of c(m)?
2, 3, 5
Le